 a multiple of 376?
False
Does 11 divide 339637089?
True
Is 1010 a factor of 281366031?
False
Does 646 divide 47158650?
False
Is 767622669 a multiple of 478?
False
Does 58 divide 801669736?
True
Is 19 a factor of 156264280?
False
Is 88139352 a multiple of 316?
True
Is 17672564 a multiple of 1316?
True
Does 292 divide 1139239233?
False
Is 26096164 a multiple of 23?
False
Is 1923195070 a multiple of 200?
False
Is 1960 a factor of 88731160?
True
Is 12425329 a multiple of 13?
False
Does 10 divide 242333500?
True
Is 81 a factor of 552697344?
True
Is 35 a factor of 10401318?
False
Is 29 a factor of 371707077?
False
Does 741 divide 284875946?
False
Is 259050109 a multiple of 860?
False
Does 3 divide 29414747?
False
Does 458 divide 529818064?
True
Is 12 a factor of 83761066?
False
Is 72 a factor of 6022981676?
False
Does 17 divide 689328282?
False
Does 39 divide 111709611?
True
Does 217 divide 2740133214?
True
Does 15 divide 134923813?
False
Does 135 divide 1075875075?
True
Is 16 a factor of 3737634943?
False
Does 100 divide 1052514800?
True
Is 24 a factor of 2277541128?
True
Does 4 divide 9231301?
False
Does 946 divide 117354138?
True
Is 1914942814 a multiple of 27?
False
Is 2464 a factor of 197144640?
True
Does 2508 divide 1191242316?
True
Is 11 a factor of 236809514?
False
Is 10956 a factor of 1310841576?
True
Is 1556891504 a multiple of 8?
True
Is 36651387 a multiple of 5?
False
Does 54 divide 71982702?
True
Does 1768 divide 421942040?
True
Is 4141820451 a multiple of 615?
False
Is 2212 a factor of 234957900?
False
Is 61 a factor of 126924286?
True
Is 1178 a factor of 424724915?
False
Is 760 a factor of 170561068?
False
Does 1328 divide 230142400?
True
Is 124390 a multiple of 4?
False
Is 4400205312 a multiple of 8?
True
Is 1264 a factor of 188081936?
True
Does 2057 divide 111129425?
True
Does 347 divide 235698709?
True
Does 17 divide 36448872?
False
Is 445685708 a multiple of 20?
False
Is 13 a factor of 156860821?
True
Is 5378322281 a multiple of 156?
False
Is 52290394 a multiple of 151?
True
Is 42537720 a multiple of 1356?
True
Is 36161584 a multiple of 9?
False
Does 4060 divide 136638111?
False
Does 6 divide 45514311?
False
Does 15 divide 270107231?
False
Is 104 a factor of 169545688?
True
Is 273625753 a multiple of 1185?
False
Is 1467455305 a multiple of 1297?
False
Is 1163608056 a multiple of 2092?
True
Is 998156275 a multiple of 17?
True
Is 520059072 a multiple of 3588?
True
Is 12227102 a multiple of 41?
True
Is 70 a factor of 175722400?
True
Is 113 a factor of 777118407?
False
Is 19 a factor of 398624768?
False
Is 127521028 a multiple of 6?
False
Is 2024 a factor of 3367176389?
False
Is 10045984 a multiple of 14?
False
Is 122 a factor of 809581412?
False
Is 28 a factor of 242193056?
True
Does 10 divide 40168190?
True
Is 71021780 a multiple of 6?
False
Does 23 divide 124521182?
False
Is 53018585 a multiple of 1406?
False
Does 229 divide 18501139?
True
Is 353 a factor of 367139415?
True
Is 54 a factor of 1465499872?
False
Does 1814 divide 854576021?
False
Is 917 a factor of 9424926?
True
Does 645 divide 2654018265?
True
Is 29927948 a multiple of 8?
False
Is 881 a factor of 20100035?
False
Is 4073 a factor of 125020735?
True
Is 3678433588 a multiple of 118?
True
Is 518952624 a multiple of 12?
True
Does 417 divide 369446497?
False
Is 4587405 a multiple of 521?
True
Is 37 a factor of 6252260?
True
Is 81141618 a multiple of 66?
False
Is 641087120 a multiple of 401?
False
Is 274 a factor of 1360958?
True
Does 85 divide 55805774?
False
Is 27299766 a multiple of 6?
True
Is 427 a factor of 114450966?
False
Is 91716793 a multiple of 12?
False
Is 144650975 a multiple of 1975?
True
Does 17 divide 1754069979?
True
Does 107 divide 31098908?
True
Does 26 divide 303795388?
True
Does 34 divide 70869647?
False
Does 5012 divide 409272969?
False
Does 1076 divide 262014692?
False
Is 4911334730 a multiple of 10?
True
Does 2100 divide 254753100?
True
Is 15430307 a multiple of 250?
False
Is 23 a factor of 90708410?
False
Is 1055570625 a multiple of 225?
True
Is 47774680 a multiple of 115?
True
Is 2571654 a multiple of 52?
False
Does 26 divide 388896792?
False
Is 47121163 a multiple of 17?
False
Does 49 divide 325466134?
True
Is 31 a factor of 39574511?
False
Is 57 a factor of 328120123?
False
Is 137081659 a multiple of 31?
True
Is 71 a factor of 197222451?
True
Is 2790872 a multiple of 4?
True
Is 1748652108 a multiple of 188?
True
Is 96 a factor of 57578397?
False
Does 242 divide 193724146?
True
Does 2597 divide 96157430?
False
Does 35 divide 8168077?
False
Is 1004 a factor of 64033145?
False
Is 2631974587 a multiple of 9510?
False
Is 783 a factor of 806375660?
False
Does 16 divide 5718720?
True
Is 367835760 a multiple of 218?
True
Does 51 divide 4551071?
False
Is 97 a factor of 118701207?
False
Does 128 divide 7107071377?
False
Is 391539367 a multiple of 9644?
False
Does 565 divide 90172100?
False
Does 334 divide 115765068?
True
Is 7239906 a multiple of 18?
True
Does 7856 divide 1645769152?
True
Is 3723 a factor of 190427727?
True
Does 5861 divide 1111216295?
True
Is 36124725 a multiple of 335?
True
Is 159140632 a multiple of 2842?
True
Is 14807168 a multiple of 101?
False
Is 13 a factor of 10595039?
True
Does 3183 divide 805308972?
False
Does 1152 divide 2843702784?
True
Does 17 divide 11733944?
True
Does 10 divide 16352740?
True
Is 961136895 a multiple of 2265?
True
Is 203 a factor of 225793855?
True
Does 61 divide 34359531?
True
Is 125929824 a multiple of 761?
False
Is 236 a factor of 12962795?
False
Is 950 a factor of 29474159?
False
Does 106 divide 64989506?
False
Does 371 divide 16704757?
False
Is 54 a factor of 694679220?
True
Does 3 divide 259574925?
True
Is 905946707 a multiple of 9?
False
Is 30 a factor of 16028940?
True
Is 205 a factor of 2578025173?
False
Is 496371772 a multiple of 52?
True
Is 4166098 a multiple of 193?
True
Does 13 divide 1656782881?
True
Is 105 a factor of 241311952?
False
Is 115 a factor of 9627842?
False
Is 340760854 a multiple of 1069?
True
Is 265000090 a multiple of 62?
True
Does 37 divide 56191530?
True
Does 2695 divide 3840812?
False
Is 11 a factor of 67206144?
False
Is 1794651699 a multiple of 277?
True
Is 271400319 a multiple of 3367?
False
Is 7187587 a multiple of 90?
False
Does 224 divide 42147459?
False
Does 826 divide 58837632?
True
Is 500 a factor of 65278500?
True
Does 10 divide 348931690?
True
Is 1495 a factor of 154980722?
False
Is 18 a factor of 2481574464?
True
Is 31 a factor of 114654771?
True
Does 531 divide 304689327?
False
Does 135 divide 91087627?
False
Is 902162278 a multiple of 10828?
False
Is 123642957 a multiple of 21?
False
Is 796 a factor of 3084431544?
True
Does 9 divide 19726389?
True
Is 14054367 a multiple of 432?
False
Is 2043735167 a multiple of 2521?
False
Is 25 a factor of 145131050?
True
Is 10 a factor of 1541772242?
False
Is 114 a factor of 27910789?
False
Is 208978065 a multiple of 1935?
True
Does 12 divide 39597307?
False
Is 44 a factor of 197080260?
False
Is 7 a factor of 25576109?
False
Is 79 a factor of 1584906295?
True
Is 101756897 a multiple of 1378?
False
Is 65253856 a multiple of 799?
False
Does 5507 divide 163321801?
False
Is 80472432 a multiple of 17?
False
Is 14 a factor of 94415258?
True
Does 208 divide 277888?
True
Is 213040552 a multiple of 5?
False
Is 89579987 a multiple of 17?
True
Is 29462399 a multiple of 8?
False
Does 43 divide 36457153?
False
Does 718 divide 191991652?
False
Is 641212418 a multiple of 7?
True
Is 732057051 a multiple of 651?
False
Does 221 divide 102218246?
True
Is 1596 a factor of 54305355?
False
Does 2166 divide 181205394?
True
Is 11 a factor of 3137942709?
True
Is 298548476 a multiple of 126?
False
Is 10809918 a multiple of 179?
False
Is 1514 a factor of 88113963?
False
Is 100168759 a multiple of 1840?
False
Is 1220885 a multiple of 5?
True
Does 456 divide 890273880?
True
Does 223 divide 11934662?
False
Is 6189642 a multiple of 27?
True
Is 36 a factor of 10941651?
False
Is 50626108 a multiple of 4?
True
Is 5421 a factor of 284239293?
True
Is 7 a factor of 956497?
False
Is 4491546 a multiple of 98?
False
Is 1600260600 a multiple of 290?
True
Is 611697944 a multiple of 13?
True
Is 13 a factor of 242187645?
False
Is 79698716 a multiple of 3?
False
Is 304 a